{"version":"1.0","provider_name":"Eurooppalainen Suomi","provider_url":"https:\/\/www.eurooppalainensuomi.fi","title":"Uusi komissio | EU-ohjausjakso | Kilpailukyky - Eurooppalainen Suomi","type":"rich","width":600,"height":338,"html":"<blockquote class=\"wp-embedded-content\" data-secret=\"LSFha5HFok\"><a href=\"https:\/\/www.eurooppalainensuomi.fi\/uusi-komissio-eu-ohjausjakso-kilpailukyky\">Uusi komissio | EU-ohjausjakso | Kilpailukyky<\/a><\/blockquote><iframe sandbox=\"allow-scripts\" security=\"restricted\" src=\"https:\/\/www.eurooppalainensuomi.fi\/uusi-komissio-eu-ohjausjakso-kilpailukyky?embed=true#?secret=LSFha5HFok\" width=\"600\" height=\"338\" title=\"&#8220;Uusi komissio | EU-ohjausjakso | Kilpailukyky&#8221; &#8212; Eurooppalainen Suomi\" data-secret=\"LSFha5HFok\" frameborder=\"0\" marginwidth=\"0\" marginheight=\"0\" scrolling=\"no\" class=\"wp-embedded-content\"><\/iframe><script type=\"text\/javascript\">\n\/*! This file is auto-generated *\/\n!function(d,l){\"use strict\";var e=!1,o=!1;if(l.querySelector)if(d.addEventListener)e=!0;if(d.wp=d.wp||{},!d.wp.receiveEmbedMessage)if(d.wp.receiveEmbedMessage=function(e){var t=e.data;if(t)if(t.secret||t.message||t.value)if(!\/[^a-zA-Z0-9]\/.test(t.secret)){for(var r,a,i,s=l.querySelectorAll('iframe[data-secret=\"'+t.secret+'\"]'),n=l.querySelectorAll('blockquote[data-secret=\"'+t.secret+'\"]'),o=new RegExp(\"^https?:$\",\"i\"),c=0;c<n.length;c++)n[c].style.display=\"none\";for(c=0;c<s.length;c++)if(r=s[c],e.source===r.contentWindow){if(r.removeAttribute(\"style\"),\"height\"===t.message){if(1e3<(i=parseInt(t.value,10)))i=1e3;else if(~~i<200)i=200;r.height=i}if(\"link\"===t.message)if(a=l.createElement(\"a\"),i=l.createElement(\"a\"),a.href=r.getAttribute(\"src\"),i.href=t.value,o.test(i.protocol))if(i.host===a.host)if(l.activeElement===r)d.top.location.href=t.value}}},e)d.addEventListener(\"message\",d.wp.receiveEmbedMessage,!1),l.addEventListener(\"DOMContentLoaded\",t,!1),d.addEventListener(\"load\",t,!1);function t(){if(!o){o=!0;for(var e,t,r,a=-1!==navigator.appVersion.indexOf(\"MSIE 10\"),i=!!navigator.userAgent.match(\/Trident.*rv:11\\.\/),s=l.querySelectorAll(\"iframe.wp-embedded-content\"),n=0;n<s.length;n++){if(!(r=(t=s[n]).getAttribute(\"data-secret\")))r=Math.random().toString(36).substr(2,10),t.src+=\"#?secret=\"+r,t.setAttribute(\"data-secret\",r);if(a||i)(e=t.cloneNode(!0)).removeAttribute(\"security\"),t.parentNode.replaceChild(e,t);t.contentWindow.postMessage({message:\"ready\",secret:r},\"*\")}}}}(window,document);\n<\/script>\n","thumbnail_url":"https:\/\/www.eurooppalainensuomi.fi\/wp-content\/uploads\/2022\/12\/Sivu1-Kuva-1-ja-6-scaled.jpg","thumbnail_width":2560,"thumbnail_height":1707,"description":"Euroopan parlamentin j\u00e4senet kokoontuvat t\u00e4ll\u00e4 viikolla Strasbourgissa t\u00e4ysistuntokeskusteluihin ja \u00e4\u00e4nestyksiin useista asioista, muun muassa komission j\u00e4senten kollegion valinnasta. Keskiviikkona EU:n komissaarit kokoontuvat Strasbourgiin esittelem\u00e4\u00e4n EU-ohjausjakson syyspaketin. Torstaina kokoontuu kilpailukykyneuvosto, jossa ministerit hyv\u00e4ksyv\u00e4t neuvoston p\u00e4\u00e4telm\u00e4t Euroopan kilpailukyvyn tulevaisuudesta. P\u00e4\u00e4telm\u00e4t koostuvat teollisuusministerien vastauksista Draghin raportin \u201dEuroopan kilpailukyvyn tulevaisuus\u201d julkaisemisen j\u00e4lkeen. Euroopan parlamentti Euroopan parlamentin j\u00e4senet k\u00e4yv\u00e4t maanantaina [&hellip;]"}

Euroopan parlamentin jäsenet kokoontuvat tällä viikolla Strasbourgissa täysistuntokeskusteluihin ja äänestyksiin useista asioista, muun muassa komission jäsenten kollegion valinnasta. Keskiviikkona EU:n komissaarit kokoontuvat Strasbourgiin esittelemään EU-ohjausjakson syyspaketin. Torstaina kokoontuu kilpailukykyneuvosto, jossa ministerit hyväksyvät neuvoston päätelmät Euroopan kilpailukyvyn tulevaisuudesta. Päätelmät koostuvat teollisuusministerien vastauksista Draghin raportin ”Euroopan kilpailukyvyn tulevaisuus” julkaisemisen jälkeen. Euroopan parlamentti Euroopan parlamentin jäsenet käyvät maanantaina [&hellip;]
