{"version":"1.0","provider_name":"Eurooppalainen Suomi","provider_url":"https:\/\/www.eurooppalainensuomi.fi","title":"Ukraina | Valmius | Elpymisv\u00e4line - Eurooppalainen Suomi","type":"rich","width":600,"height":338,"html":"<blockquote class=\"wp-embedded-content\" data-secret=\"03XYIv7KeH\"><a href=\"https:\/\/www.eurooppalainensuomi.fi\/ukraina-valmius-elpymisvaline\">Ukraina | Valmius | Elpymisv\u00e4line<\/a><\/blockquote><iframe sandbox=\"allow-scripts\" security=\"restricted\" src=\"https:\/\/www.eurooppalainensuomi.fi\/ukraina-valmius-elpymisvaline?embed=true#?secret=03XYIv7KeH\" width=\"600\" height=\"338\" title=\"&#8220;Ukraina | Valmius | Elpymisv\u00e4line&#8221; &#8212; Eurooppalainen Suomi\" data-secret=\"03XYIv7KeH\" frameborder=\"0\" marginwidth=\"0\" marginheight=\"0\" scrolling=\"no\" class=\"wp-embedded-content\"><\/iframe><script type=\"text\/javascript\">\n\/*! This file is auto-generated *\/\n!function(d,l){\"use strict\";var e=!1,o=!1;if(l.querySelector)if(d.addEventListener)e=!0;if(d.wp=d.wp||{},!d.wp.receiveEmbedMessage)if(d.wp.receiveEmbedMessage=function(e){var t=e.data;if(t)if(t.secret||t.message||t.value)if(!\/[^a-zA-Z0-9]\/.test(t.secret)){for(var r,a,i,s=l.querySelectorAll('iframe[data-secret=\"'+t.secret+'\"]'),n=l.querySelectorAll('blockquote[data-secret=\"'+t.secret+'\"]'),o=new RegExp(\"^https?:$\",\"i\"),c=0;c<n.length;c++)n[c].style.display=\"none\";for(c=0;c<s.length;c++)if(r=s[c],e.source===r.contentWindow){if(r.removeAttribute(\"style\"),\"height\"===t.message){if(1e3<(i=parseInt(t.value,10)))i=1e3;else if(~~i<200)i=200;r.height=i}if(\"link\"===t.message)if(a=l.createElement(\"a\"),i=l.createElement(\"a\"),a.href=r.getAttribute(\"src\"),i.href=t.value,o.test(i.protocol))if(i.host===a.host)if(l.activeElement===r)d.top.location.href=t.value}}},e)d.addEventListener(\"message\",d.wp.receiveEmbedMessage,!1),l.addEventListener(\"DOMContentLoaded\",t,!1),d.addEventListener(\"load\",t,!1);function t(){if(!o){o=!0;for(var e,t,r,a=-1!==navigator.appVersion.indexOf(\"MSIE 10\"),i=!!navigator.userAgent.match(\/Trident.*rv:11\\.\/),s=l.querySelectorAll(\"iframe.wp-embedded-content\"),n=0;n<s.length;n++){if(!(r=(t=s[n]).getAttribute(\"data-secret\")))r=Math.random().toString(36).substr(2,10),t.src+=\"#?secret=\"+r,t.setAttribute(\"data-secret\",r);if(a||i)(e=t.cloneNode(!0)).removeAttribute(\"security\"),t.parentNode.replaceChild(e,t);t.contentWindow.postMessage({message:\"ready\",secret:r},\"*\")}}}}(window,document);\n<\/script>\n","thumbnail_url":"https:\/\/www.eurooppalainensuomi.fi\/wp-content\/uploads\/2022\/12\/Sivu1-Kuva-2-scaled.jpg","thumbnail_width":1707,"thumbnail_height":2560,"description":"Ulkoasiainneuvosto kokoontuu maanantaina keskustelemaan ministerien kanssa Ven\u00e4j\u00e4n hy\u00f6kk\u00e4yssodasta Ukrainaa vastaan sen j\u00e4lkeen, kun Ukrainan ulkoministeri Dmytro Kuleban kanssa on k\u00e4yty ep\u00e4virallinen keskustelu. Samana p\u00e4iv\u00e4n\u00e4 komissaari Johannes Hahn osallistuu Wieniss\u00e4 j\u00e4rjestett\u00e4v\u00e4\u00e4n elpymisv\u00e4linett\u00e4 (RRF) koskevaan vuotuiseen tapahtumaan. Keskiviikkona EU:n komissaarit keskustelevat EU:n valmiutta ja kriisinhallintaa koskevasta aloitteesta Suomen entisen presidentin Sauli Niinist\u00f6n kanssa. Euroopan parlamentti Euroopan parlamentti [&hellip;]"}

Ukraina | Valmius | Elpymisväline - Eurooppalainen Suomi

<blockquote class="wp-embedded-content" data-secret="03XYIv7KeH"><a href="https://www.eurooppalainensuomi.fi/ukraina-valmius-elpymisvaline">Ukraina | Valmius | Elpymisväline</a></blockquote><iframe sandbox="allow-scripts" security="restricted" src="https://www.eurooppalainensuomi.fi/ukraina-valmius-elpymisvaline?embed=true#?secret=03XYIv7KeH" width="600" height="338" title="&#8220;Ukraina | Valmius | Elpymisväline&#8221; &#8212; Eurooppalainen Suomi" data-secret="03XYIv7KeH" frameborder="0" marginwidth="0" marginheight="0" scrolling="no" class="wp-embedded-content"></iframe><script type="text/javascript">
/*! This file is auto-generated */
!function(d,l){"use strict";var e=!1,o=!1;if(l.querySelector)if(d.addEventListener)e=!0;if(d.wp=d.wp||{},!d.wp.receiveEmbedMessage)if(d.wp.receiveEmbedMessage=function(e){var t=e.data;if(t)if(t.secret||t.message||t.value)if(!/[^a-zA-Z0-9]/.test(t.secret)){for(var r,a,i,s=l.querySelectorAll('iframe[data-secret="'+t.secret+'"]'),n=l.querySelectorAll('blockquote[data-secret="'+t.secret+'"]'),o=new RegExp("^https?:$","i"),c=0;c<n.length;c++)n[c].style.display="none";for(c=0;c<s.length;c++)if(r=s[c],e.source===r.contentWindow){if(r.removeAttribute("style"),"height"===t.message){if(1e3<(i=parseInt(t.value,10)))i=1e3;else if(~~i<200)i=200;r.height=i}if("link"===t.message)if(a=l.createElement("a"),i=l.createElement("a"),a.href=r.getAttribute("src"),i.href=t.value,o.test(i.protocol))if(i.host===a.host)if(l.activeElement===r)d.top.location.href=t.value}}},e)d.addEventListener("message",d.wp.receiveEmbedMessage,!1),l.addEventListener("DOMContentLoaded",t,!1),d.addEventListener("load",t,!1);function t(){if(!o){o=!0;for(var e,t,r,a=-1!==navigator.appVersion.indexOf("MSIE 10"),i=!!navigator.userAgent.match(/Trident.*rv:11\./),s=l.querySelectorAll("iframe.wp-embedded-content"),n=0;n<s.length;n++){if(!(r=(t=s[n]).getAttribute("data-secret")))r=Math.random().toString(36).substr(2,10),t.src+="#?secret="+r,t.setAttribute("data-secret",r);if(a||i)(e=t.cloneNode(!0)).removeAttribute("security"),t.parentNode.replaceChild(e,t);t.contentWindow.postMessage({message:"ready",secret:r},"*")}}}}(window,document);
</script>

Ulkoasiainneuvosto kokoontuu maanantaina keskustelemaan ministerien kanssa Venäjän hyökkäyssodasta Ukrainaa vastaan sen jälkeen, kun Ukrainan ulkoministeri Dmytro Kuleban kanssa on käyty epävirallinen keskustelu. Samana päivänä komissaari Johannes Hahn osallistuu Wienissä järjestettävään elpymisvälinettä (RRF) koskevaan vuotuiseen tapahtumaan. Keskiviikkona EU:n komissaarit keskustelevat EU:n valmiutta ja kriisinhallintaa koskevasta aloitteesta Suomen entisen presidentin Sauli Niinistön kanssa. Euroopan parlamentti Euroopan parlamentti [&hellip;]
