{"version":"1.0","provider_name":"Eurooppalainen Suomi","provider_url":"https:\/\/www.eurooppalainensuomi.fi","title":"Ukraina | G20 | Puolustus - Eurooppalainen Suomi","type":"rich","width":600,"height":338,"html":"<blockquote class=\"wp-embedded-content\" data-secret=\"7tAfX8TYYk\"><a href=\"https:\/\/www.eurooppalainensuomi.fi\/ukraina-g20-puolustus\">Ukraina | G20 | Puolustus<\/a><\/blockquote><iframe sandbox=\"allow-scripts\" security=\"restricted\" src=\"https:\/\/www.eurooppalainensuomi.fi\/ukraina-g20-puolustus?embed=true#?secret=7tAfX8TYYk\" width=\"600\" height=\"338\" title=\"&#8220;Ukraina | G20 | Puolustus&#8221; &#8212; Eurooppalainen Suomi\" data-secret=\"7tAfX8TYYk\" frameborder=\"0\" marginwidth=\"0\" marginheight=\"0\" scrolling=\"no\" class=\"wp-embedded-content\"><\/iframe><script type=\"text\/javascript\">\n\/*! This file is auto-generated *\/\n!function(d,l){\"use strict\";var e=!1,o=!1;if(l.querySelector)if(d.addEventListener)e=!0;if(d.wp=d.wp||{},!d.wp.receiveEmbedMessage)if(d.wp.receiveEmbedMessage=function(e){var t=e.data;if(t)if(t.secret||t.message||t.value)if(!\/[^a-zA-Z0-9]\/.test(t.secret)){for(var r,a,i,s=l.querySelectorAll('iframe[data-secret=\"'+t.secret+'\"]'),n=l.querySelectorAll('blockquote[data-secret=\"'+t.secret+'\"]'),o=new RegExp(\"^https?:$\",\"i\"),c=0;c<n.length;c++)n[c].style.display=\"none\";for(c=0;c<s.length;c++)if(r=s[c],e.source===r.contentWindow){if(r.removeAttribute(\"style\"),\"height\"===t.message){if(1e3<(i=parseInt(t.value,10)))i=1e3;else if(~~i<200)i=200;r.height=i}if(\"link\"===t.message)if(a=l.createElement(\"a\"),i=l.createElement(\"a\"),a.href=r.getAttribute(\"src\"),i.href=t.value,o.test(i.protocol))if(i.host===a.host)if(l.activeElement===r)d.top.location.href=t.value}}},e)d.addEventListener(\"message\",d.wp.receiveEmbedMessage,!1),l.addEventListener(\"DOMContentLoaded\",t,!1),d.addEventListener(\"load\",t,!1);function t(){if(!o){o=!0;for(var e,t,r,a=-1!==navigator.appVersion.indexOf(\"MSIE 10\"),i=!!navigator.userAgent.match(\/Trident.*rv:11\\.\/),s=l.querySelectorAll(\"iframe.wp-embedded-content\"),n=0;n<s.length;n++){if(!(r=(t=s[n]).getAttribute(\"data-secret\")))r=Math.random().toString(36).substr(2,10),t.src+=\"#?secret=\"+r,t.setAttribute(\"data-secret\",r);if(a||i)(e=t.cloneNode(!0)).removeAttribute(\"security\"),t.parentNode.replaceChild(e,t);t.contentWindow.postMessage({message:\"ready\",secret:r},\"*\")}}}}(window,document);\n<\/script>\n","thumbnail_url":"https:\/\/www.eurooppalainensuomi.fi\/wp-content\/uploads\/2022\/12\/Sivu1-Kuva-2-scaled.jpg","thumbnail_width":1707,"thumbnail_height":2560,"description":"T\u00e4ll\u00e4 viikolla Brysseliss\u00e4 j\u00e4rjestet\u00e4\u00e4n useita Euroopan parlamentin valiokuntien kokouksia ja tiistaina ylim\u00e4\u00e4r\u00e4inen t\u00e4ysistunto, jossa pannaan merkille 1000 p\u00e4iv\u00e4\u00e4 Ven\u00e4j\u00e4n t\u00e4ysimittaisesta hy\u00f6kk\u00e4yksest\u00e4 Ukrainaan. Maanantaina ja tiistaina presidentti Ursula von der Leyen osallistuu G20-maiden johtajien huippukokoukseen Rio de Janeirossa. Ulkoasiainneuvosto kokoontuu my\u00f6s maanantaina keskustelemaan Ven\u00e4j\u00e4n hy\u00f6kk\u00e4yssodasta Ukrainaa vastaan sen j\u00e4lkeen, kun se on k\u00e4ynyt ep\u00e4virallisen keskustelun Ukrainan [&hellip;]"}

Tällä viikolla Brysselissä järjestetään useita Euroopan parlamentin valiokuntien kokouksia ja tiistaina ylimääräinen täysistunto, jossa pannaan merkille 1000 päivää Venäjän täysimittaisesta hyökkäyksestä Ukrainaan. Maanantaina ja tiistaina presidentti Ursula von der Leyen osallistuu G20-maiden johtajien huippukokoukseen Rio de Janeirossa. Ulkoasiainneuvosto kokoontuu myös maanantaina keskustelemaan Venäjän hyökkäyssodasta Ukrainaa vastaan sen jälkeen, kun se on käynyt epävirallisen keskustelun Ukrainan [&hellip;]
