{"version":"1.0","provider_name":"Eurooppalainen Suomi","provider_url":"https:\/\/www.eurooppalainensuomi.fi","title":"Turkki | Kansallisen turvallisuuden viranomaiset | Jordania - Eurooppalainen Suomi","type":"rich","width":600,"height":338,"html":"<blockquote class=\"wp-embedded-content\" data-secret=\"uA5dK4AxgA\"><a href=\"https:\/\/www.eurooppalainensuomi.fi\/turkki-kansallisen-turvallisuuden-viranomaiset-jordania\">Turkki | Kansallisen turvallisuuden viranomaiset | Jordania<\/a><\/blockquote><iframe sandbox=\"allow-scripts\" security=\"restricted\" src=\"https:\/\/www.eurooppalainensuomi.fi\/turkki-kansallisen-turvallisuuden-viranomaiset-jordania?embed=true#?secret=uA5dK4AxgA\" width=\"600\" height=\"338\" title=\"&#8220;Turkki | Kansallisen turvallisuuden viranomaiset | Jordania&#8221; &#8212; Eurooppalainen Suomi\" data-secret=\"uA5dK4AxgA\" frameborder=\"0\" marginwidth=\"0\" marginheight=\"0\" scrolling=\"no\" class=\"wp-embedded-content\"><\/iframe><script type=\"text\/javascript\">\n\/*! This file is auto-generated *\/\n!function(d,l){\"use strict\";var e=!1,o=!1;if(l.querySelector)if(d.addEventListener)e=!0;if(d.wp=d.wp||{},!d.wp.receiveEmbedMessage)if(d.wp.receiveEmbedMessage=function(e){var t=e.data;if(t)if(t.secret||t.message||t.value)if(!\/[^a-zA-Z0-9]\/.test(t.secret)){for(var r,a,i,s=l.querySelectorAll('iframe[data-secret=\"'+t.secret+'\"]'),n=l.querySelectorAll('blockquote[data-secret=\"'+t.secret+'\"]'),o=new RegExp(\"^https?:$\",\"i\"),c=0;c<n.length;c++)n[c].style.display=\"none\";for(c=0;c<s.length;c++)if(r=s[c],e.source===r.contentWindow){if(r.removeAttribute(\"style\"),\"height\"===t.message){if(1e3<(i=parseInt(t.value,10)))i=1e3;else if(~~i<200)i=200;r.height=i}if(\"link\"===t.message)if(a=l.createElement(\"a\"),i=l.createElement(\"a\"),a.href=r.getAttribute(\"src\"),i.href=t.value,o.test(i.protocol))if(i.host===a.host)if(l.activeElement===r)d.top.location.href=t.value}}},e)d.addEventListener(\"message\",d.wp.receiveEmbedMessage,!1),l.addEventListener(\"DOMContentLoaded\",t,!1),d.addEventListener(\"load\",t,!1);function t(){if(!o){o=!0;for(var e,t,r,a=-1!==navigator.appVersion.indexOf(\"MSIE 10\"),i=!!navigator.userAgent.match(\/Trident.*rv:11\\.\/),s=l.querySelectorAll(\"iframe.wp-embedded-content\"),n=0;n<s.length;n++){if(!(r=(t=s[n]).getAttribute(\"data-secret\")))r=Math.random().toString(36).substr(2,10),t.src+=\"#?secret=\"+r,t.setAttribute(\"data-secret\",r);if(a||i)(e=t.cloneNode(!0)).removeAttribute(\"security\"),t.parentNode.replaceChild(e,t);t.contentWindow.postMessage({message:\"ready\",secret:r},\"*\")}}}}(window,document);\n<\/script>\n","description":"T\u00e4ll\u00e4 viikolla Euroopan parlamentissa on hiljaista, kun mepit ty\u00f6skentelev\u00e4t vaalipiireiss\u00e4\u00e4n sek\u00e4 pit\u00e4v\u00e4t parlamentin ulkopuolisia tapahtumia. Tiistaina komission puheenjohtaja von der Leyen sek\u00e4 neuvoston puheenjohtaja Charles Michel matkustavat Turkkiin tapaamaan maan presidentin Recep Tayyip Erdo\u011fanin. Euroopan parlamenttiT\u00e4lle viikolle ei ole luvassa toimintaa parlamentissa, sill\u00e4 mepit ty\u00f6skentelev\u00e4t parlamentin ulkopuolisten asioiden parissa sek\u00e4 vaalipiireiss\u00e4\u00e4n. Ty\u00f6 parlamentissa jatkuu 12. [&hellip;]","thumbnail_url":"https:\/\/www.eurooppalainensuomi.fi\/wp-content\/uploads\/2021\/04\/the-blowup-EvNZeUNhZW4-unsplash-scaled.jpg","thumbnail_width":2560,"thumbnail_height":1922}

Tällä viikolla Euroopan parlamentissa on hiljaista, kun mepit työskentelevät vaalipiireissään sekä pitävät parlamentin ulkopuolisia tapahtumia. Tiistaina komission puheenjohtaja von der Leyen sekä neuvoston puheenjohtaja Charles Michel matkustavat Turkkiin tapaamaan maan presidentin Recep Tayyip Erdoğanin. Euroopan parlamenttiTälle viikolle ei ole luvassa toimintaa parlamentissa, sillä mepit työskentelevät parlamentin ulkopuolisten asioiden parissa sekä vaalipiireissään. Työ parlamentissa jatkuu 12. [&hellip;]
