{"version":"1.0","provider_name":"Eurooppalainen Suomi","provider_url":"https:\/\/www.eurooppalainensuomi.fi","title":"L\u00e4nsi-Balkan | Yhten\u00e4ismarkkinat | Elpymisv\u00e4line - Eurooppalainen Suomi","type":"rich","width":600,"height":338,"html":"<blockquote class=\"wp-embedded-content\" data-secret=\"q2JIbrszZW\"><a href=\"https:\/\/www.eurooppalainensuomi.fi\/lansi-balkan-yhtenaismarkkinat-elpymisvaline\">L\u00e4nsi-Balkan | Yhten\u00e4ismarkkinat | Elpymisv\u00e4line<\/a><\/blockquote><iframe sandbox=\"allow-scripts\" security=\"restricted\" src=\"https:\/\/www.eurooppalainensuomi.fi\/lansi-balkan-yhtenaismarkkinat-elpymisvaline?embed=true#?secret=q2JIbrszZW\" width=\"600\" height=\"338\" title=\"&#8220;L\u00e4nsi-Balkan | Yhten\u00e4ismarkkinat | Elpymisv\u00e4line&#8221; &#8212; Eurooppalainen Suomi\" data-secret=\"q2JIbrszZW\" frameborder=\"0\" marginwidth=\"0\" marginheight=\"0\" scrolling=\"no\" class=\"wp-embedded-content\"><\/iframe><script type=\"text\/javascript\">\n\/*! This file is auto-generated *\/\n!function(d,l){\"use strict\";var e=!1,o=!1;if(l.querySelector)if(d.addEventListener)e=!0;if(d.wp=d.wp||{},!d.wp.receiveEmbedMessage)if(d.wp.receiveEmbedMessage=function(e){var t=e.data;if(t)if(t.secret||t.message||t.value)if(!\/[^a-zA-Z0-9]\/.test(t.secret)){for(var r,a,i,s=l.querySelectorAll('iframe[data-secret=\"'+t.secret+'\"]'),n=l.querySelectorAll('blockquote[data-secret=\"'+t.secret+'\"]'),o=new RegExp(\"^https?:$\",\"i\"),c=0;c<n.length;c++)n[c].style.display=\"none\";for(c=0;c<s.length;c++)if(r=s[c],e.source===r.contentWindow){if(r.removeAttribute(\"style\"),\"height\"===t.message){if(1e3<(i=parseInt(t.value,10)))i=1e3;else if(~~i<200)i=200;r.height=i}if(\"link\"===t.message)if(a=l.createElement(\"a\"),i=l.createElement(\"a\"),a.href=r.getAttribute(\"src\"),i.href=t.value,o.test(i.protocol))if(i.host===a.host)if(l.activeElement===r)d.top.location.href=t.value}}},e)d.addEventListener(\"message\",d.wp.receiveEmbedMessage,!1),l.addEventListener(\"DOMContentLoaded\",t,!1),d.addEventListener(\"load\",t,!1);function t(){if(!o){o=!0;for(var e,t,r,a=-1!==navigator.appVersion.indexOf(\"MSIE 10\"),i=!!navigator.userAgent.match(\/Trident.*rv:11\\.\/),s=l.querySelectorAll(\"iframe.wp-embedded-content\"),n=0;n<s.length;n++){if(!(r=(t=s[n]).getAttribute(\"data-secret\")))r=Math.random().toString(36).substr(2,10),t.src+=\"#?secret=\"+r,t.setAttribute(\"data-secret\",r);if(a||i)(e=t.cloneNode(!0)).removeAttribute(\"security\"),t.parentNode.replaceChild(e,t);t.contentWindow.postMessage({message:\"ready\",secret:r},\"*\")}}}}(window,document);\n<\/script>\n","thumbnail_url":"https:\/\/www.eurooppalainensuomi.fi\/wp-content\/uploads\/2022\/12\/Sivu1-Kuva-1-ja-6-scaled.jpg","thumbnail_width":2560,"thumbnail_height":1707,"description":"T\u00e4ll\u00e4 viikolla Brysseliss\u00e4 j\u00e4rjestet\u00e4\u00e4n useita Euroopan parlamentin valiokuntien kokouksia sek\u00e4 kaksip\u00e4iv\u00e4inen t\u00e4ysistunto, joka pidet\u00e4\u00e4n keskiviikkona ja torstaina. Keskiviikkona komission j\u00e4senten kollegio kokoontuu keskustelemaan yhten\u00e4ismarkkinoiden tulevaisuudesta Enrico Lettan l\u00e4sn\u00e4 ollessa. Perjantaina talous- ja rahoitusasioiden neuvoston ministerit vaihtavat n\u00e4kemyksi\u00e4 ja pyrkiv\u00e4t antamaan p\u00e4\u00e4telm\u00e4t elvytys- ja sopeutumisv\u00e4lineen t\u00e4yt\u00e4nt\u00f6\u00f6npanosta sek\u00e4 Ven\u00e4j\u00e4n Ukrainaa vastaan k\u00e4ym\u00e4n hy\u00f6kk\u00e4yssodan taloudellisten ja rahoituksellisten vaikutusten [&hellip;]"}

Länsi-Balkan | Yhtenäismarkkinat | Elpymisväline - Eurooppalainen Suomi

<blockquote class="wp-embedded-content" data-secret="q2JIbrszZW"><a href="https://www.eurooppalainensuomi.fi/lansi-balkan-yhtenaismarkkinat-elpymisvaline">Länsi-Balkan | Yhtenäismarkkinat | Elpymisväline</a></blockquote><iframe sandbox="allow-scripts" security="restricted" src="https://www.eurooppalainensuomi.fi/lansi-balkan-yhtenaismarkkinat-elpymisvaline?embed=true#?secret=q2JIbrszZW" width="600" height="338" title="&#8220;Länsi-Balkan | Yhtenäismarkkinat | Elpymisväline&#8221; &#8212; Eurooppalainen Suomi" data-secret="q2JIbrszZW" frameborder="0" marginwidth="0" marginheight="0" scrolling="no" class="wp-embedded-content"></iframe><script type="text/javascript">
/*! This file is auto-generated */
!function(d,l){"use strict";var e=!1,o=!1;if(l.querySelector)if(d.addEventListener)e=!0;if(d.wp=d.wp||{},!d.wp.receiveEmbedMessage)if(d.wp.receiveEmbedMessage=function(e){var t=e.data;if(t)if(t.secret||t.message||t.value)if(!/[^a-zA-Z0-9]/.test(t.secret)){for(var r,a,i,s=l.querySelectorAll('iframe[data-secret="'+t.secret+'"]'),n=l.querySelectorAll('blockquote[data-secret="'+t.secret+'"]'),o=new RegExp("^https?:$","i"),c=0;c<n.length;c++)n[c].style.display="none";for(c=0;c<s.length;c++)if(r=s[c],e.source===r.contentWindow){if(r.removeAttribute("style"),"height"===t.message){if(1e3<(i=parseInt(t.value,10)))i=1e3;else if(~~i<200)i=200;r.height=i}if("link"===t.message)if(a=l.createElement("a"),i=l.createElement("a"),a.href=r.getAttribute("src"),i.href=t.value,o.test(i.protocol))if(i.host===a.host)if(l.activeElement===r)d.top.location.href=t.value}}},e)d.addEventListener("message",d.wp.receiveEmbedMessage,!1),l.addEventListener("DOMContentLoaded",t,!1),d.addEventListener("load",t,!1);function t(){if(!o){o=!0;for(var e,t,r,a=-1!==navigator.appVersion.indexOf("MSIE 10"),i=!!navigator.userAgent.match(/Trident.*rv:11\./),s=l.querySelectorAll("iframe.wp-embedded-content"),n=0;n<s.length;n++){if(!(r=(t=s[n]).getAttribute("data-secret")))r=Math.random().toString(36).substr(2,10),t.src+="#?secret="+r,t.setAttribute("data-secret",r);if(a||i)(e=t.cloneNode(!0)).removeAttribute("security"),t.parentNode.replaceChild(e,t);t.contentWindow.postMessage({message:"ready",secret:r},"*")}}}}(window,document);
</script>

Tällä viikolla Brysselissä järjestetään useita Euroopan parlamentin valiokuntien kokouksia sekä kaksipäiväinen täysistunto, joka pidetään keskiviikkona ja torstaina. Keskiviikkona komission jäsenten kollegio kokoontuu keskustelemaan yhtenäismarkkinoiden tulevaisuudesta Enrico Lettan läsnä ollessa. Perjantaina talous- ja rahoitusasioiden neuvoston ministerit vaihtavat näkemyksiä ja pyrkivät antamaan päätelmät elvytys- ja sopeutumisvälineen täytäntöönpanosta sekä Venäjän Ukrainaa vastaan käymän hyökkäyssodan taloudellisten ja rahoituksellisten vaikutusten [&hellip;]
